is divided by z?
8
Suppose -5*z + 247 = 4*n + 76, 40 = z - 5*n. Suppose 5*p - 130 = -3*x, -2*p = -2*x + 73 + z. Calculate the remainder when x is divided by 17.
16
What is the remainder when 47 is divided by (-3)/(-6)*26 + -1?
11
Let z(x) = -3*x + 10. Calculate the remainder when z(-6) is divided by 8.
4
Suppose 532 = 9*d - 188. What is the remainder when d is divided by 17?
12
Suppose -z + 5*z - 12 = 0. Suppose k = 10 - z. What is the remainder when 18 - 3 - (-1 - 2) is divided by k?
4
Suppose 126 + 130 = 4*h. Let a = 46 + -24. What is the remainder when h is divided by a?
20
Suppose -5*t = 3*p + 9, -2*t + 15 = p - 6*p. Suppose t = -0*z - 4*z + 12. Let s(d) = -d**3 + 4*d**2 - d + 1. Calculate the remainder when s(z) is divided by 3.
1
Suppose 5*i - 4*t + 42 = 7*i, -4*i - 5*t = -90. Calculate the remainder when i is divided by 16.
9
Let i = -568 + 813. Calculate the remainder when i is divided by 13.
11
Let j = 62 - 16. Let k = j - 33. What is the remainder when 24 is divided by k?
11
Let h = -32 + 43. Calculate the remainder when h is divided by 7.
4
Suppose -2*t + 3*k + 14 = 0, -5*t + 2*k - 5*k = -14. What is the remainder when 26 is divided by t?
2
Suppose -4*o + 1 = 3*d, -d + 4 = -o - 6*d. Suppose -3*i - 2*y + 15 = 0, -18 = -3*i - y - 2*y. What is the remainder when (-1)/(o/(-8)*2) is divided by i?
1
Let d be ((-2)/(-3))/(4/18). Suppose d*s + 5 = 32. Calculate the remainder when s is divided by 6.
3
Let d(m) = -3*m + 75. What is the remainder when 7 is divided by d(23)?
1
Suppose 4*l + 25 = -l. Let d(z) = -z**3 - 4*z**2 + 3*z - 3. Let k(v) = 13*v**2 + v. Calculate the remainder when k(-1) is divided by d(l).
5
What is the remainder when (-2)/((-112)/52 + 2) is divided by 11?
2
Let s = 1 - 0. What is the remainder when (-2)/1 + s + 23 is divided by 12?
10
Let m(d) = d**3 + 8*d**2 - 2*d. Calculate the remainder when 47 is divided by m(-8).
15
Let b = 66 - 47. Calculate the remainder when b is divided by 3.
1
Suppose 0 = 2*p - 2*q - 22 + 4, 22 = 3*p + 2*q. Calculate the remainder when 14 is divided by p.
6
Let s be ((-3)/(-5))/((-1)/(-5)). Suppose -c + 0 = -a + s, 3*c + 17 = 5*a. Suppose 5*i + 6 = 2*u + i, -c = -i. Calculate the remainder when 8 is divided by u.
3
Suppose -2*l + 3*k = -34, 3*k - 94 = -5*l + 6*k. What is the remainder when 99 is divided by l?
19
Let c(x) = 2*x - 5. Suppose q - 4 = 2*w - 7*w, -4*q + 34 = 2*w. Calculate the remainder when q is divided by c(4).
0
Suppose m + 12 + 23 = 2*i, -3*i - 5*m = -33. Let s(u) = -2*u - 7. Let k = -25 + 17. Calculate the remainder when i is divided by s(k).
7
Suppose -1 = -2*h - 5*k, -23 = -5*h + 2*k + 23. What is the remainder when 62 is divided by h?
6
Let r(u) = 18*u**2 + 1. Let m(g) = -g - 19. Let f be m(-15). Calculate the remainder when r(1) is divided by 22/f*(-20)/10.
8
Suppose 4*p = -3*p + 287. Calculate the remainder when p is divided by 11.
8
Let v = 101 - 93. Calculate the remainder when 77 is divided by v.
5
Suppose 4*w = 5*w - 3*t - 7, -16 = -4*t. Calculate the remainder when 55 is divided by w.
17
Suppose -2*b - 5*n - 5 = -0, -2*b = n - 7. Let w = b + -3. What is the remainder when w is divided by 1?
0
Suppose -2*z = 2*z - 16. Let b(o) = 3*o - 6 + 3*o - 4*o**2 + o**3 + 0*o**3. What is the remainder when 52 is divided by b(z)?
16
Let y = -37 + -47. Calculate the remainder when y/(-10) + (-8)/20 is divided by 5.
3
Suppose 0 = 4*n - 5*f - 1 + 3, -2*f + 14 = 5*n. Suppose 0 = -3*h + 9, -k - h = 2*k - 15. Calculate the remainder when k is divided by n.
0
Let i = -12 + 21. Let y be (-51)/(-18) + (-2)/(-12). Suppose k = 5*k - q - 67, y*q = k - 25. What is the remainder when k is divided by i?
7
Suppose 2*h - 2*u = -6*u + 30, -4*h = -5*u - 21. Let s be (6/4)/(4/24). Calculate the remainder when h is divided by s/6 + (-7)/(-2).
4
Let j(o) = o**3 + 7*o**2 - o. Calculate the remainder when ((-1)/(-2))/((-3)/(-108)) is divided by j(-7).
4
Let f = -16 - -21. What is the remainder when 12 is divided by f?
2
Let i(m) = m**3 - 16*m**2 - m + 23. What is the remainder when 33 is divided by i(16)?
5
Suppose 2*p - 14 - 16 = 0. Calculate the remainder when 29 is divided by p.
14
Let g = -3 + 1. Let w(m) = m**3 - 2*m**2 + 2*m + 1. Let t be w(3). Let f = g + t. Calculate the remainder when f is divided by 5.
4
Let t = 42 - -5. Calculate the remainder when t is divided by 25.
22
Suppose 201 = 3*d - 4*l, -d - 151 = -3*d - 3*l. Calculate the remainder when d is divided by 25.
21
Suppose -5*q + 8 = -27. Suppose 0 = i - 50 + 11. Suppose -29*t + i = -26*t. What is the remainder when t is divided by q?
6
What is the remainder when -33*(-2 + -8 + 5) is divided by 8?
5
Let i = 4 - 6. Let x(j) = 5*j**2 + j - 2. Calculate the remainder when ((-15)/(-12))/((-4)/(-96)) is divided by x(i).
14
What is the remainder when 21 is divided by 9 + (8/12)/(4/(-18))?
3
Let z = 15 - -63. Calculate the remainder when z is divided by 16.
14
Let p(c) = -c**2 + 5*c + 10. Let b be p(8). Let h = b - -24. Suppose f = h + 19. What is the remainder when f is divided by 15?
14
Suppose -t + 4 = -4*b, 3*b + 5*t - 20 = -b. Suppose b = v + 11 - 36. Suppose v = 3*y - 38. Calculate the remainder when y is divided by 8.
5
Let h = 167 + 7. What is the remainder when h is divided by 25?
24
Suppose -3*q = 2*a - 56, -4 = q - 0. What is the remainder when a is divided by 19?
15
Let r(o) = 3*o + 2. Let f be (-1 - -7)/(2/6). Calculate the remainder when -2 + f - (0 - -1) is divided by r(2).
7
Suppose -8*u = -231 - 33. Calculate the remainder when u is divided by 17.
16
Let l be 426/9 - 2/6. Let n = l + 8. Calculate the remainder when n is divided by 19.
17
Suppose -6*c + c = -200. Suppose -5*q + 0*q = -2*r - 5, 2*q = 5*r - c. What is the remainder when r is divided by 4?
2
Suppose 0 = -5*n + 3*n + 4. Let i = 41 + -20. Suppose 0 = n*x + 3*x - 2*p - i, -3*x + 11 = -2*p. Calculate the remainder when 9 is divided by x.
4
Let w(u) = 6*u - 2. Let t be w(-2). Let x = t + 23. Let o = x + -4. Calculate the remainder when 9 is divided by o.
4
What is the remainder when 8 is divided by (1 - (4 - 4))*2?
0
Suppose -s + 4*s - 468 = 0. Calculate the remainder when s is divided by 54.
48
Suppose 60 = 2*p + 4*p. What is the remainder when 27 is divided by p?
7
Let h = -2 + 33. Calculate the remainder when 91 is divided by h.
29
Let m(y) = -y**3 - 4*y**2 + 3. Let v be m(-4). Let g(h) = -2 - 4*h**3 + 2*h**3 + 3*h**v + 3*h + 6*h**2. What is the remainder when g(-5) is divided by 3?
2
Suppose -2*u + 92 = -6*u. Let l = -10 - u. Calculate the remainder when l is divided by 7.
6
Suppose 11*x - 12*x + 9 = 0. Calculate the remainder when 17 is divided by x.
8
Let v(n) = n**3 + 5*n**2 - n - 3. Suppose 0 = -5*a - 0*a - 20. What is the remainder when 32 is divided by v(a)?
15
Let p be ((-15)/9 + 3)*21. Suppose -d = -5*d + p. What is the remainder when d is divided by 3?
1
Suppose -3*o = 9 - 27. Let c(f) = -2*f - 3. What is the remainder when c(-9) is divided by o?
3
Let d(y) = -y**2 - 6*y + 8. Calculate the remainder when 12 is divided by d(0).
4
Let t = 57 + 4. Calculate the remainder when t is divided by 16.
13
Let d(b) = 11*b**2 + 3*b - 1. Let f(c) = 16*c**2 + 4*c - 1. Let k(i) = -7*d(i) + 5*f(i). What is the remainder when 46 is divided by k(-2)?
14
Calculate the remainder when 112 is divided by 21/14 + (-55)/(-2).
25
Let s = 119 + -80. Let r = -3 + 23. Calculate the remainder when s is divided by r.
19
Let v(n) = n**3 - 4*n**2 - 5*n + 3. Let c be v(5). Suppose -1 - 8 = -c*b. Calculate the remainder when b is divided by 1.
0
Let c = 68 + -46. Let x(p) = 2*p + p**2 + 5*p - 3*p. What is the remainder when c is divided by x(-6)?
10
Let b(x) = x**3 + 2*x**2 - 3*x + 4. Let o be b(-3). Suppose o*y + y = 30. Calculate the remainder when 10 is divided by y.
4
Let n(t) = t + 6. Let b be n(-8). Let u = b - -14. What is the remainder when 34 is divided by u?
10
Let w = 14 - 9. Suppose 2*q - 68 = 5*c - c, -170 = -5*q - w*c. Calculate the remainder when q is divided by 9.
7
Let a(i) = 3*i**2 + 2*i - 34. Let c(o) = -2*o**2 - o + 23. Let s(f) = -5*a(f) - 8*c(f). What is the remainder when s(12) is divided by 27?
25
Let i be 4/2 - (-7 + 8). Let v = -21 - -31. Calculate the remainder when v is divided by 5/i + (-1)/1.
2
Let d = -15 - -24. Let f be ((-32)/20)/(4/(-10)). What is the rem